 = i. Let s be p(4). Give f(s).
-3
Let m(p) be the first derivative of 5*p**4/24 - p**3/6 - p**2 - 4. Let h(w) be the second derivative of m(w). What is h(1)?
4
Let s(f) be the third derivative of f**6/120 + f**5/60 + f**4/24 + f**3/6 - 2*f**2 - 40. Determine s(-1).
0
Let m(n) = 7*n**2 - 6*n + 4. Let s(f) = -8*f**2 + 7*f - 5. Suppose -2 = -5*d - 42. Let y be (-2)/d + 75/(-12). Let b(x) = y*m(x) - 5*s(x). What is b(-2)?
-9
Let f be (14/(-21))/(2/(-18)). Let y(m) = m**3 - 6*m**2 + m - 6. Give y(f).
0
Let j(v) = v**2 + 2*v - 1. Let z = 3 + -1. Suppose z*t = -t - 12. What is j(t)?
7
Suppose 3*d + 2*s + 16 = 0, 0 = 3*d - 2*s + 3*s + 14. Let m(j) = -j**2 + 2*j - 8. Let w(g) = -g**2 + 3*g - 9. Let k(o) = -6*m(o) + 5*w(o). What is k(d)?
7
Let d be 1 - 2 - (-10)/5. Let c(f) = 1 + 4 - 5*f - 4. Give c(d).
-4
Suppose 0 = -2*k - 2*k + 8. Let f be (1/(-3))/(k/(-30)). Let l(o) = -o**2 + 5*o + 3. What is l(f)?
3
Let m(j) = 4*j - 10. Let s(r) = -9*r + 21. Let a(p) = 13*m(p) + 6*s(p). What is a(-4)?
4
Let p(s) = -1 + 3 - 5 + s**2. Suppose 3*z + 2*c = 16, -z - 5*c + 12 = -6*c. Let x = z + -8. What is p(x)?
-3
Let s(r) be the third derivative of r**4/24 - 3*r**3/2 + 2*r**2. What is s(0)?
-9
Let g be (-16)/6 + 4/6. Let s = -1 - g. Let x(w) = w**2 - w - 1. Let q(c) = 7*c**2 - 2*c. Let v(j) = q(j) - x(j). Give v(s).
6
Let g(k) = k**3 - 6*k**2 - 2*k - 3. Let h = -191 + 197. Calculate g(h).
-15
Let t(o) = 7*o - 19. Let a be t(3). Let z(u) = 3*u - 3. What is z(a)?
3
Let h(z) be the second derivative of -z**4/12 + z**3/3 + 2*z**2 + 3*z. Determine h(4).
-4
Let p be -1 + -6*(-2)/4. Let q(k) be the second derivative of 2*k + 0 + k**2 + 0*k**3 - 1/12*k**4. Give q(p).
-2
Let u(j) = j**3 + 5*j**2 - 6*j + 3. Let x = -13 + 7. Let f be u(x). Let h(g) = -3*g**2 + 3*g + 4. Give h(f).
-14
Let i(t) be the second derivative of -t**4/12 + 7*t**3/6 + 11*t**2/2 + 25*t. Calculate i(8).
3
Let v(g) = -g**2 + 8*g - 1. Let h(x) = -4*x**2 + 33*x - 3. Let i(n) = 2*h(n) - 9*v(n). Determine i(5).
-2
Let q(p) = p**3 - 5. Let w(o) = -8*o + 2. Let g(i) = -3*i + 1. Let a(u) = 11*g(u) - 4*w(u). Let n be a(3). Determine q(n).
-5
Suppose -5 = 3*d - 20. Let f(t) = -t**3 + 4*t**2 + 3*t + 7. Determine f(d).
-3
Suppose 4*a - 2*a = 0. Let k = -1 + a. Let z(y) = -7*y**2 + 2. Let c(r) = 11*r**2 - 3. Let s(q) = 5*c(q) + 7*z(q). Determine s(k).
5
Let f = 43 + -43. Let a(d) be the third derivative of 0*d**3 - 1/6*d**4 + 2*d**2 + 0*d + f. What is a(2)?
-8
Suppose -3 = 3*s + 2*a + 8, 0 = s + 4*a + 7. Let x = s + 4. Let d(g) = g**3 + 2*g**2 - g. Give d(x).
2
Let z be 0*(-2)/(-4)*-1. Suppose z = i + 4*i. Let d be (i + -2 - 2)/2. Let g(h) = h**3 - 2*h - 2. What is g(d)?
-6
Let x(z) = -z**2 - 7*z - 6. Let c be x(-6). Let a(t) be the third derivative of -t**6/120 + t**4/24 - t**3 - t**2. Give a(c).
-6
Let y(n) = -4*n + 12. Let v be y(3). Let k(a) = a**2 - a - 1. Determine k(v).
-1
Let g be (1/1 - 0) + -1. Suppose 0*q - 2*q = g. Let x(p) = 3*p**2 + p + 5. Let t(a) = -7*a**2 - 2*a - 10. Let c(k) = -2*t(k) - 5*x(k). Determine c(q).
-5
Let c(w) be the third derivative of -w**4/6 - w**3/2 - 6*w**2. Calculate c(-3).
9
Suppose 0 = t - 0 + 3. Let g(k) = k**3 + 3*k**2 + 2*k + 2. Give g(t).
-4
Suppose 10*b - 14*b - a - 9 = 0, 4 = -4*a. Let c(o) = 3*o. What is c(b)?
-6
Let a(v) = 2*v**3 + v**2. Suppose 4*u - u = -3. Let c be a(u). Let j be 1/(c/(-1) - 2). Let f(i) = -2*i**2 + 2*i + 1. What is f(j)?
-3
Let l(b) = b**3 + 2*b**2 + b - 1. Let y(q) = -q**3 - 2*q**2 - 2*q + 1. Let r(o) = 6*l(o) + 5*y(o). What is r(-3)?
2
Suppose -4*w + 24 = -0*w. Let d be 45/w*(-4)/(-6). Let q(x) be the second derivative of -x**4/12 + x**3/2 + 3*x**2 + x. Give q(d).
-4
Suppose 33 = -4*s + 13. Let f(r) = r**3 + 7*r**2 + 5*r - 2. Calculate f(s).
23
Let r be 1/((8/(-4))/4). Let o(h) be the third derivative of 0 + h**2 + 0*h - 1/8*h**4 - 1/2*h**3. Determine o(r).
3
Let i(c) = -3*c + 13. Let k be i(3). Let w(l) = -3*l**3 + 4*l**2 - 3*l + 7. Let s(o) = 4*o**3 - 4*o**2 + 4*o - 8. Let a(r) = -2*s(r) - 3*w(r). Determine a(k).
-1
Let c be (-8 - -4)/4 + 8. Let f = c + -2. Let h(l) = -l**3 + 5*l**2 - 2*l + 7. Determine h(f).
-3
Let x be (-160)/(-400) - 2/(-10)*8. Let u(t) be the second derivative of t**5/20 - t**4/4 + t**3/2 - t**2/2 + 2*t. Determine u(x).
1
Let r(s) = s**2 - 9*s + 10. Let f be (-20)/50 + (-37)/(-5). Determine r(f).
-4
Let d(y) be the third derivative of 0*y + 0 - 1/60*y**5 - y**2 + 1/24*y**4 + 0*y**3 - 1/20*y**6. Suppose 0 = 22*h - 14*h - 8. Give d(h).
-6
Let w(s) = -8*s - 3. Let m(u) = -24*u - 8. Let x(c) = 3*m(c) - 8*w(c). Let k be (0 + 0)/(-2 + 4). Let n be k + -1 - -1 - -1. Determine x(n).
-8
Let m be 4/6*(12 + -3). Let n(h) be the first derivative of -2*h**3 - 3/2*h**2 + 1 - 1/4*h**4 + m*h. What is n(-5)?
-4
Let r be (15/9)/((-5)/(-6)). Let g be (4/r)/(1 + 0). Let b(m) = -m**3 + 5*m**2 - 3*m + 3. What is b(g)?
9
Let n be (-10)/(-4) + 4/(-8). Let h = 1 - -1. Suppose h*v + n*v = -20. Let l(f) = -2*f. What is l(v)?
10
Let q be ((-6)/(-4))/((-3)/4). Let t(y) be the third derivative of 0 + 1/2*y**3 + 0*y + 7/24*y**4 - 3*y**2. Give t(q).
-11
Suppose 37 = 3*v - 0*v - 4*f, -2*v - f + 10 = 0. Let b(q) = q**3 - 6*q**2 - 7*q + 1. What is b(v)?
1
Let c(w) = 3*w - 5*w + 3 + w**3 - 9*w**2 + 3*w**2. Let v(z) = 3*z. Let x be ((-3)/(-2))/((-21)/(-28)). Let n be v(x). What is c(n)?
-9
Let v(w) = w**2 - 7*w + 5. Let y = 1 - -4. Let t be v(y). Let f(m) = m**3 + 4*m**2 - 6*m - 6. What is f(t)?
-1
Suppose 0 = z - 2*i + 2, 0 = 2*z - 2*i + 3*i - 1. Let n = z - 1. Let x(o) = -74 + 6*o + 74. Determine x(n).
-6
Let z(v) be the first derivative of -v**7/840 - v**6/120 - v**5/40 + v**4/24 + 5*v**3/3 - 1. Let j(t) be the third derivative of z(t). Give j(-3).
10
Let n(u) = 5 + 1 - 4 - u. Calculate n(0).
2
Let s be 2/(4/6) - 2. Let r(c) = -6*c + c**3 - 5 + 6 + 5*c**2 + s + 0. Determine r(-6).
2
Let k(d) = d**3. Let s(x) be the second derivative of -7*x**5/20 + x**3/6 + x. Let m(u) = -4*k(u) - s(u). Give m(1).
2
Let s(q) = -q + 4. Suppose -n + 8 = n. What is s(n)?
0
Let a(k) = 2*k - 1. Let p(f) = -f. Let b(x) = -2*a(x) - 3*p(x). Determine b(4).
-2
Let c(k) = -k**3 - 8*k**2 - 8*k - 8. Let m = 137 + -217. Let v be (-1)/3 + m/12. Give c(v).
-1
Suppose y - 3*y = -2. Let u(s) = 4*s**3 + 2*s**2. Let b(n) = -5*n**3 - 3*n**2. Let m(h) = -3*b(h) - 4*u(h). Determine m(y).
0
Let a(z) = -7*z + 4. Let h(s) = s - 1. Let t(i) = a(i) + 6*h(i). Determine t(-6).
4
Suppose -12*x - 2 = 22. Let s(d) = -2*d**3 - 2*d**2 + d. Give s(x).
6
Let c(o) be the third derivative of -o**6/120 + o**5/60 + o**4/8 - o**3/2 + 2*o**2. Give c(3).
-12
Let d(f) be the second derivative of -f**3/3 + 3*f**2/2 + 3*f. Calculate d(4).
-5
Let c(w) = -w**3 - w**2 - 3*w - 3. Let t be c(-2). Let g(r) = 14 - 3*r**3 - 12 + 4*r**3 - t*r**2 + 5*r. What is g(6)?
-4
Let k(h) be the third derivative of -1/3*h**4 + 0*h + 1/120*h**6 + 8*h**2 + 1/12*h**5 - 3/2*h**3 + 0. Calculate k(-6).
3
Let b(t) = -t**3 + 2*t**2 + t + 1. Let w be b(2). Let s(u) = -u**2 - u**w - 3*u**2 + 5 - 6*u + 2*u**3. Let z be -3 + 2 - -1*6. What is s(z)?
0
Let t(y) be the third derivative of -y**6/120 + y**5/12 - y**4/8 + y**3/2 - 27*y**2. Give t(4).
7
Let c(s) = -s**2 - 9*s - 10. Let t be c(-8). Let g(r) = r**3 + 4*r**2 + 3*r + 1. Let z be g(-2). Let j(u) = z*u - 1 - u**2 - 3*u. Calculate j(t).
-5
Let t(j) = -6*j**3 + 1 + 2*j**3 - 5*j**3 + 2*j**3. What is t(1)?
-6
Let o(d) = -d**2 + 2*d + 5. Suppose -2*h - 2*y = 2*y + 4, -5*y = 3*h + 3. Suppose -4*g + 20 = h. Give o(g).
-3
Let i(u) = u**2 - 6*u - 5. Let d = -84 + 90. Calculate i(d).
-5
Let q(t) = 3*t**2 + t - 2. Let i(s) = -4*s**2 - 7 + 5 - s**3 + s - 5*s. Let j be i(-2). Give q(j).
8
Let f(s) = 4 - 2 - 3*s + s**2 + s. Suppose -3 = 5*k - 3*t - 15, 0 = -3*k + 3*t + 6. Let j = 5 - k. What is f(j)?
2
Let h be 2 - (1 + (-2)/2). Suppose -2 = -h*y - 0. Let i be (y*-1)/((-2)/10). Let d(k) = -k**2 + 6*k - 3. Give d(i).
2
Let a(g) be the first derivative of -g**4/4 - g**3 - g**2 - 3*g + 9. Calculate a(-3).
3
Let a(x) = -x**3 + 6*x**2 - x. Suppose 0 = 4*t + 5*q - 9, -4*q = 2*t - 0*q. Give a(t).
-6
Let x be (-10 - -3 - -1)/(-2). Let b(q) be the second derivative of 5*q**3/6 + 2*q**2 - q. What is b(x)?
19
Let q(f) = 2*f**2 + f + 1. Suppose 5*c = 2 - 7. Determine q(c).
2
Suppose -4*l = 2*m, -l + 6 = 3*l + 5*m. Let t 